der when 976 is divided by 44?
8
Calculate the remainder when 2078 is divided by 414.
8
Calculate the remainder when 197 is divided by 67.
63
Calculate the remainder when 346 is divided by 167.
12
What is the remainder when 1469 is divided by 206?
27
What is the remainder when 174 is divided by 45?
39
Calculate the remainder when 2966 is divided by 30.
26
Calculate the remainder when 250 is divided by 6.
4
What is the remainder when 873 is divided by 7?
5
What is the remainder when 122 is divided by 62?
60
What is the remainder when 1515 is divided by 192?
171
What is the remainder when 441 is divided by 141?
18
Calculate the remainder when 161 is divided by 81.
80
What is the remainder when 917 is divided by 31?
18
Calculate the remainder when 2238 is divided by 57.
15
Calculate the remainder when 194 is divided by 50.
44
What is the remainder when 134 is divided by 25?
9
What is the remainder when 110 is divided by 4?
2
Calculate the remainder when 6394 is divided by 4.
2
Calculate the remainder when 132 is divided by 8.
4
Calculate the remainder when 1073 is divided by 77.
72
Calculate the remainder when 1262 is divided by 212.
202
Calculate the remainder when 3023 is divided by 36.
35
Calculate the remainder when 182 is divided by 37.
34
Calculate the remainder when 1270 is divided by 49.
45
Calculate the remainder when 1202 is divided by 76.
62
What is the remainder when 4633 is divided by 45?
43
What is the remainder when 177 is divided by 29?
3
Calculate the remainder when 721 is divided by 35.
21
What is the remainder when 172 is divided by 30?
22
What is the remainder when 329 is divided by 31?
19
What is the remainder when 1593 is divided by 99?
9
Calculate the remainder when 5862 is divided by 13.
12
What is the remainder when 689 is divided by 87?
80
Calculate the remainder when 6049 is divided by 71.
14
Calculate the remainder when 757 is divided by 469.
288
What is the remainder when 70 is divided by 19?
13
Calculate the remainder when 408 is divided by 41.
39
Calculate the remainder when 258 is divided by 87.
84
Calculate the remainder when 403 is divided by 34.
29
What is the remainder when 399 is divided by 135?
129
What is the remainder when 2486 is divided by 120?
86
Calculate the remainder when 9776 is divided by 11.
8
Calculate the remainder when 1951 is divided by 20.
11
Calculate the remainder when 1583 is divided by 773.
37
What is the remainder when 2877 is divided by 144?
141
Calculate the remainder when 327 is divided by 37.
31
Calculate the remainder when 496 is divided by 14.
6
What is the remainder when 313 is divided by 12?
1
Calculate the remainder when 16027 is divided by 137.
135
What is the remainder when 142 is divided by 40?
22
Calculate the remainder when 445 is divided by 24.
13
Calculate the remainder when 726 is divided by 123.
111
What is the remainder when 127 is divided by 34?
25
What is the remainder when 6668 is divided by 46?
44
What is the remainder when 2570 is divided by 117?
113
What is the remainder when 3194 is divided by 34?
32
Calculate the remainder when 626 is divided by 45.
41
What is the remainder when 263 is divided by 44?
43
Calculate the remainder when 618 is divided by 4.
2
What is the remainder when 90 is divided by 12?
6
What is the remainder when 112 is divided by 111?
1
Calculate the remainder when 44 is divided by 8.
4
Calculate the remainder when 431 is divided by 15.
11
What is the remainder when 128 is divided by 70?
58
Calculate the remainder when 1861 is divided by 117.
106
What is the remainder when 3228 is divided by 1610?
8
Calculate the remainder when 1038 is divided by 51.
18
What is the remainder when 26 is divided by 2?
0
What is the remainder when 501 is divided by 18?
15
Calculate the remainder when 29855 is divided by 96.
95
What is the remainder when 4007 is divided by 47?
12
Calculate the remainder when 70 is divided by 24.
22
What is the remainder when 1052 is divided by 16?
12
Calculate the remainder when 181 is divided by 31.
26
Calculate the remainder when 43 is divided by 19.
5
What is the remainder when 59 is divided by 49?
10
Calculate the remainder when 904 is divided by 60.
4
Calculate the remainder when 298 is divided by 29.
8
Calculate the remainder when 1427 is divided by 47.
17
Calculate the remainder when 2616 is divided by 436.
0
What is the remainder when 699 is divided by 26?
23
What is the remainder when 90 is divided by 24?
18
What is the remainder when 942 is divided by 136?
126
What is the remainder when 1520 is divided by 382?
374
What is the remainder when 1659 is divided by 27?
12
What is the remainder when 4087 is divided by 73?
72
What is the remainder when 908 is divided by 39?
11
Calculate the remainder when 220 is divided by 64.
28
Calculate the remainder when 1651 is divided by 20.
11
Calculate the remainder when 741 is divided by 93.
90
What is the remainder when 310 is divided by 52?
50
What is the remainder when 192 is divided by 50?
42
What is the remainder when 91 is divided by 84?
7
Calculate the remainder when 304 is divided by 97.
13
What is the remainder when 197 is divided by 115?
82
What is the remainder when 809 is divided by 68?
61
What is the remainder when 1675 is divided by 17?
9
Calculate the remainder when 204 is divided by 56.
36
Calculate the remainder when 7964 is divided by 31.
28
What is the remainder when 2637 is divided by 29?
27
Calculate the remainder when 437 is divided by 44.
41
What is the remainder when 195 is divided by 96?
3
Calculate the remainder when 2126 is divided by 71.
67
What is the remainder when 507 is divided by 30?
27
Calculate the remainder when 21645 is divided by 24.
21
Calculate the remainder when 56 is divided by 44.
12
Calculate the remainder when 275 is divided by 73.
56
What is the remainder when 169 is divided by 9?
7
What is the remainder when 174 is divided by 23?
13
What is the remainder when 1405 is divided by 32?
29
What is the remainder when 1161 is divided by 106?
101
Calculate the remainder when 329 is divided by 101.
26
Calculate the remainder when 2167 is divided by 431.
12
What is the remainder when 87 is divided by 10?
7
Calculate the remainder when 6536 is divided by 15.
11
Calculate the remainder when 339 is divided by 11.
9
Calculate the remainder when 591 is divided by 205.
181
Calculate the remainder when 168 is divided by 101.
67
Calculate the remainder when 513 is divided by 51.
3
What is the remainder when 1092 is divided by 57?
9
What is the remainder when 113 is divided by 19?
18
What is the remainder when 18316 is divided by 86?
84
What is the remainder when 288 is divided by 78?
54
What is the remainder when 67 is divided by 47?
20
What is the remainder when 143 is divided by 58?
27
What is the remainder when 89 is divided by 16?
9
Calculate the remainder when 365 is divided by 66.
35
Calculate the remainder when 4848 is divided by 151.
16
What is the remainder when 288 is divided by 278?
10
Calculate the remainder when 106 is divided by 37.
32
What is the remainder when 597 is divided by 30?
27
What is the remainder when 731 is divided by 186?
173
What is the remainder when 507 is divided by 12?
3
Calculate the remainder when 44 is divided by 22.
0
What is the remainder when 368 is divided by 23?
0
What is the remainder when 56 is divided by 19?
18
Calculate the remainder when 317 is divided by 52.
5
What is the remainder when 439 is divided by 11?
10
What is the remainder when 56 is divided by 47?
9
What is the remainder when 145 is divided by 23?
7
Calculate the remainder when 162 is divided by 82.
80
What is the remainder when 2053 is divided by 679?
16
Calculate the remainder when 4540 is divided by 1506.
22
What is the remainder when 5520 is divided by 11?
9
What is the remainder when 938 is divided by 13?
2
What is the remainder when 208 is divided by 60?
28
Calculate the remainder when 800 is divided by 58.
46
What is the remainder when 1296 is divided by 642?
12
Calculate the remainder when 252 is divided by 15.
12
What is the remainder when 254 is divided by 4?
2
Calculate the remainder when 3204 is divided by 454.
26
Calculate the remainder when 43 is divided by 12.
7
Calculate the remainder when 69 is divided by 34.
1
Calculate the remai